{"id":447,"date":"2025-11-24T17:38:52","date_gmt":"2025-11-24T16:38:52","guid":{"rendered":"https:\/\/editmasters.pl\/?post_type=product&#038;p=447"},"modified":"2025-11-24T17:43:19","modified_gmt":"2025-11-24T16:43:19","slug":"szkolenia-grupowe-stacjonarne","status":"publish","type":"product","link":"https:\/\/editmasters.pl\/index.php\/produkt\/szkolenia-grupowe-stacjonarne\/","title":{"rendered":"SZKOLENIA GRUPOWE STACJONARNE"},"content":{"rendered":"<p>Warsztaty prowadzone w siedzibie firmy. To intensywna, praktyczna forma nauki \u2014 uczestnicy pracuj\u0105 na realnych materia\u0142ach i ucz\u0105 si\u0119 efektywnego procesu monta\u017cu. Cena: 1500 z\u0142 netto \/ osoba. Czas trwania: ok. 4 godziny Minimalna liczba uczestnik\u00f3w: 10 os\u00f3b (mo\u017cliwo\u015b\u0107 dostosowania programu do bran\u017cy i poziomu grupy)<\/p>\n","protected":false},"excerpt":{"rendered":"<p>Warsztaty prowadzone w siedzibie firmy. To intensywna, praktyczna forma nauki \u2014 uczestnicy pracuj\u0105 na realnych materia\u0142ach i ucz\u0105 si\u0119 efektywnego procesu monta\u017cu. Cena: 1500 z\u0142 netto \/ osoba. Czas trwania: ok. 4 godziny Minimalna liczba uczestnik\u00f3w: 10 os\u00f3b (mo\u017cliwo\u015b\u0107 dostosowania programu do bran\u017cy i poziomu grupy)<\/p>\n","protected":false},"featured_media":0,"comment_status":"open","ping_status":"closed","template":"","meta":[],"product_brand":[],"product_cat":[22],"product_tag":[],"class_list":{"0":"post-447","1":"product","2":"type-product","3":"status-publish","5":"product_cat-szkolenia","7":"first","8":"instock","9":"virtual","10":"purchasable","11":"product-type-simple"},"_links":{"self":[{"href":"https:\/\/editmasters.pl\/index.php\/wp-json\/wp\/v2\/product\/447","targetHints":{"allow":["GET"]}}],"collection":[{"href":"https:\/\/editmasters.pl\/index.php\/wp-json\/wp\/v2\/product"}],"about":[{"href":"https:\/\/editmasters.pl\/index.php\/wp-json\/wp\/v2\/types\/product"}],"replies":[{"embeddable":true,"href":"https:\/\/editmasters.pl\/index.php\/wp-json\/wp\/v2\/comments?post=447"}],"wp:attachment":[{"href":"https:\/\/editmasters.pl\/index.php\/wp-json\/wp\/v2\/media?parent=447"}],"wp:term":[{"taxonomy":"product_brand","embeddable":true,"href":"https:\/\/editmasters.pl\/index.php\/wp-json\/wp\/v2\/product_brand?post=447"},{"taxonomy":"product_cat","embeddable":true,"href":"https:\/\/editmasters.pl\/index.php\/wp-json\/wp\/v2\/product_cat?post=447"},{"taxonomy":"product_tag","embeddable":true,"href":"https:\/\/editmasters.pl\/index.php\/wp-json\/wp\/v2\/product_tag?post=447"}],"curies":[{"name":"wp","href":"https:\/\/api.w.org\/{rel}","templated":true}]}}